11213
What are the prime factors of 31376900?
2, 5, 17, 18457
What are the prime factors of 615563787?
3, 205187929
What are the prime factors of 1196786089?
79, 15149191
List the prime factors of 15133875.
3, 5, 40357
What are the prime factors of 466445710?
2, 5, 46644571
What are the prime factors of 467238649?
181, 2581429
What are the prime factors of 28426585?
5, 11, 516847
List the prime factors of 1373050292.
2, 47, 1259, 5801
List the prime factors of 64626962.
2, 17, 149, 12757
List the prime factors of 1629212215.
5, 449, 563, 1289
List the prime factors of 1396334532.
2, 3, 191, 609221
List the prime factors of 8448029358.
2, 3, 13043, 107951
What are the prime factors of 290032616?
2, 1193, 30389
What are the prime factors of 30508928?
2, 29, 8219
List the prime factors of 188796063.
3, 62932021
List the prime factors of 812698777.
11, 73881707
What are the prime factors of 188203661?
3463, 54347
List the prime factors of 32752820.
2, 5, 1637641
What are the prime factors of 1171693961?
1171693961
List the prime factors of 137208726.
2, 3, 1481, 5147
What are the prime factors of 530909517?
3, 176969839
What are the prime factors of 387932294?
2, 97, 1999651
What are the prime factors of 58076858?
2, 7, 592621
List the prime factors of 269262235.
5, 11, 17, 61, 4721
What are the prime factors of 1476192074?
2, 7, 47, 2243453
List the prime factors of 2880166350.
2, 3, 5, 17, 1129477
List the prime factors of 172766736.
2, 3, 47, 67, 127
List the prime factors of 1287275877.
3, 199, 718747
What are the prime factors of 6208348690?
2, 5, 103, 6027523
What are the prime factors of 23767099?
23767099
List the prime factors of 201433775.
5, 47, 251, 683
What are the prime factors of 573405572?
2, 143351393
What are the prime factors of 28416726?
2, 3, 13, 121439
List the prime factors of 1958515832.
2, 7, 13, 73, 137, 269
List the prime factors of 994756296.
2, 3, 41448179
What are the prime factors of 243540310?
2, 5, 13, 67, 27961
What are the prime factors of 545301737?
545301737
What are the prime factors of 3216595003?
1567, 2052709
List the prime factors of 282324469.
7, 233, 173099
List the prime factors of 261702560.
2, 5, 7, 233663
What are the prime factors of 19199539?
1613, 11903
List the prime factors of 51743205.
3, 5, 37, 1151
List the prime factors of 10338835.
5, 13, 159059
List the prime factors of 1599120735.
3, 5, 223, 478063
List the prime factors of 378741017.
67, 887, 6373
List the prime factors of 138575048.
2, 181, 95701
List the prime factors of 1484500409.
7, 521, 407047
List the prime factors of 783365213.
1433, 546661
List the prime factors of 1876524329.
227, 2383, 3469
What are the prime factors of 60083630?
2, 5, 6008363
List the prime factors of 746318562.
2, 3, 11, 1027987
List the prime factors of 342021559.
11, 31092869
List the prime factors of 211688144.
2, 97, 136397
What are the prime factors of 2084040201?
3, 599, 1063, 1091
List the prime factors of 118570633.
811, 146203
List the prime factors of 86093622.
2, 3, 373, 12823
What are the prime factors of 14131251?
3, 97, 16187
List the prime factors of 101778648.
2, 3, 113, 37529
What are the prime factors of 3182759304?
2, 3, 132614971
What are the prime factors of 1124989618?
2, 191, 2944999
List the prime factors of 302650086.
2, 3, 31, 131, 12421
What are the prime factors of 71198272?
2, 283, 3931
List the prime factors of 15300435.
3, 5, 73, 89, 157
What are the prime factors of 255894084?
2, 3, 7108169
List the prime factors of 1371093933.
3, 11, 97, 557, 769
What are the prime factors of 213363339?
3, 7, 10160159
List the prime factors of 37716888.
2, 3, 11, 142867
What are the prime factors of 190282701?
3, 7, 19, 107, 4457
List the prime factors of 66778129.
11, 401, 15139
List the prime factors of 2433165593.
19, 173, 367, 2017
List the prime factors of 591939784.
2, 97, 762809
List the prime factors of 27080033.
27080033
List the prime factors of 2571682576.
2, 79, 103, 19753
What are the prime factors of 888151819?
8389, 105871
List the prime factors of 4134620869.
1103, 3748523
List the prime factors of 81269903.
11, 13, 43717
List the prime factors of 1906786707.
3, 7, 90799367
List the prime factors of 1669242481.
691, 2415691
What are the prime factors of 203699085?
3, 5, 167, 233, 349
List the prime factors of 189239886.
2, 3, 11, 17, 19, 269
List the prime factors of 324277281.
3, 61, 590669
What are the prime factors of 740217457?
7, 105745351
What are the prime factors of 61456507?
7, 19, 462079
What are the prime factors of 51872493?
3, 89, 173, 1123
What are the prime factors of 1372465483?
1279, 1073077
What are the prime factors of 3168887835?
3, 5, 211259189
What are the prime factors of 2106865390?
2, 5, 7, 1951, 15427
What are the prime factors of 731682453?
3, 43, 5671957
List the prime factors of 71979625.
5, 575837
What are the prime factors of 401727328?
2, 43, 181, 1613
List the prime factors of 58446904.
2, 31, 235673
What are the prime factors of 1888524694?
2, 7, 211, 639311
List the prime factors of 658161903.
3, 7, 2851, 10993
What are the prime factors of 152666953?
17, 2957, 3037
List the prime factors of 286028342.
2, 59, 2423969
List the prime factors of 226509435.
3, 5, 5033543
What are the prime factors of 50834645?
5, 73, 139273
What are the prime factors of 15975057?
3, 7, 131, 5807
List the prime factors of 1039837175.
5, 13, 1493, 2143
List the prime factors of 374835610.
2, 5, 19, 53, 37223
List the prime factors of 412754452.
2, 11, 1777, 5279
List the prime factors of 6530133.
3, 29, 47, 1597
What are the prime factors of 444367802?
2, 3347, 66383
List the prime factors of 1997511335.
5, 399502267
List the prime factors of 88209533.
19, 4642607
What are the prime factors of 3249601979?
13, 179, 239, 5843
List the prime factors of 41594052.
2, 3, 3466171
What are the prime factors of 104310737?
6863, 15199
What are the prime factors of 315016483?
37, 230107
List the prime factors of 2385476922.
2, 3, 397579487
What are the prime factors of 75500394?
2, 3, 677, 18587
What are the prime factors of 277573866?
2, 3, 46262311
What are the prime factors of 796273765?
5, 7, 47, 69151
What are the prime factors of 21959495?
5, 17, 73, 3539
What are the prime factors of 592248114?
2, 3, 23, 349, 4099
What are the prime factors of 24891299?
24891299
What are the prime factors of 1362820568?
2, 170352571
List the prime factors of 233230755.
3, 5, 41, 61, 6217
List the prime factors of 3140508.
2, 3, 7, 109
List the prime factors of 129425756.
2, 32356439
What are the prime factors of 85126424?
2, 97, 163, 673
What are the prime factors of 19035389?
2129, 8941
What are the prime factors of 208365002?
2, 104182501
What are the prime factors of 534532286?
2, 173, 1544891
List the prime factors of 1473312800.
2, 5, 1841641
List the prime factors of 222988462.
2, 67, 131, 12703
What are the prime factors of 523228912?
2, 31, 331, 3187
List the prime factors of 2688602.
2, 7, 192043
What are the prime factors of 1973679481?
17, 101, 1149493
List the prime factors of 50223481.
7, 11, 93179
List the prime factors of 1061076445.
5, 11, 13, 1484023
List the prime factors of 48293068.
2, 12073267
List the prime factors of 147921000.
2, 3, 5, 49307
What are the prime factors of 61812168?
2, 3, 11, 19, 12323
List the prime factors of 501185917.
29, 17282273
List the prime factors of 81828946.
2, 3167, 12919
List the prime factors of 289427015.
5, 673, 86011
What are the prime factors of 2530294960?
2, 5, 17, 379, 4909
List the prime factors of 555672548.
2, 23, 137, 44087
List the prime factors of 443820806.
2, 11, 13, 107, 14503
What are the prime factors of 870860778?
2, 3, 29, 1301, 3847
List the prime factors of 8676839962.
2, 7, 29, 1301, 16427
List the prime factors of 2402219017.
11, 17, 557, 23063
List the prime factors of 214137870.
2, 3, 5, 37, 192917
What are the prime factors of 1027846069?
1027846069
List the prime factors of 149016690.
2, 3, 5, 31, 53411
What are the prime factors of 111756850?
2, 5, 2235137
List the prime factors of 147311380.
2, 5, 31, 53, 4483
What are the prime factors of 3329319385?
5, 7, 37, 2570903
What are the prime factors of 252427028?
2, 7, 43, 61, 491
What are the prime fa